{"id":120,"date":"2025-01-07T19:55:49","date_gmt":"2025-01-07T19:55:49","guid":{"rendered":"https:\/\/fyrly.dk\/?page_id=120"},"modified":"2025-03-24T15:41:11","modified_gmt":"2025-03-24T15:41:11","slug":"vinternedlukning","status":"publish","type":"page","link":"https:\/\/fyrly.dk\/?page_id=120","title":{"rendered":"Vinternedlukning"},"content":{"rendered":"\n<p><strong>Check liste for vinternedlukning<\/strong><\/p>\n\n\n\n<ul class=\"wp-block-list\">\n<li>Luk for vandet ved br\u00f8nden (se nedenfor)<\/li>\n\n\n\n<li>Luk vandet ud af systemmet (se nedenfor)<\/li>\n\n\n\n<li>Tr\u00e6kkes ud i WCet og h\u00e6ld en h\u00e5ndfuld salt i bunden (ingen billeder!)<\/li>\n\n\n\n<li>Sluk for el, vrip HFI rel\u00e6et (se nedenfor)<\/li>\n\n\n\n<li>K\u00f8leskab t\u00f8mmes og s\u00e6t l\u00e5gen p\u00e5 klem med klodsen<\/li>\n<\/ul>\n\n\n\n<p><strong>Luk for vandet<\/strong><\/p>\n\n\n\n<figure class=\"wp-block-image size-full\"><img loading=\"lazy\" width=\"1024\" height=\"683\" src=\"https:\/\/fyrly.dk\/wp-content\/uploads\/2025\/03\/Vinternedlukning-4.jpg\" alt=\"\" class=\"wp-image-637\" srcset=\"https:\/\/fyrly.dk\/wp-content\/uploads\/2025\/03\/Vinternedlukning-4.jpg 1024w, https:\/\/fyrly.dk\/wp-content\/uploads\/2025\/03\/Vinternedlukning-4-300x200.jpg 300w, https:\/\/fyrly.dk\/wp-content\/uploads\/2025\/03\/Vinternedlukning-4-768x512.jpg 768w\" sizes=\"auto, (max-width: 1024px) 100vw, 1024px\" \/><\/figure>\n\n\n\n<p>Find br\u00f8nden<\/p>\n\n\n\n<figure class=\"wp-block-image size-large\"><img loading=\"lazy\" width=\"1024\" height=\"683\" src=\"https:\/\/fyrly.dk\/wp-content\/uploads\/2025\/03\/Vinternedlukning-6-1024x683.jpg\" alt=\"\" class=\"wp-image-639\" srcset=\"https:\/\/fyrly.dk\/wp-content\/uploads\/2025\/03\/Vinternedlukning-6-1024x683.jpg 1024w, https:\/\/fyrly.dk\/wp-content\/uploads\/2025\/03\/Vinternedlukning-6-300x200.jpg 300w, https:\/\/fyrly.dk\/wp-content\/uploads\/2025\/03\/Vinternedlukning-6-768x512.jpg 768w, https:\/\/fyrly.dk\/wp-content\/uploads\/2025\/03\/Vinternedlukning-6.jpg 1200w\" sizes=\"auto, (max-width: 1024px) 100vw, 1024px\" \/><\/figure>\n\n\n\n<p>L\u00f8ft \/ vrid l\u00e5get op<\/p>\n\n\n\n<figure class=\"wp-block-image size-large\"><img loading=\"lazy\" width=\"1024\" height=\"683\" src=\"https:\/\/fyrly.dk\/wp-content\/uploads\/2025\/03\/Vinternedlukning-1-1024x683.jpg\" alt=\"\" class=\"wp-image-634\" srcset=\"https:\/\/fyrly.dk\/wp-content\/uploads\/2025\/03\/Vinternedlukning-1-1024x683.jpg 1024w, https:\/\/fyrly.dk\/wp-content\/uploads\/2025\/03\/Vinternedlukning-1-300x200.jpg 300w, https:\/\/fyrly.dk\/wp-content\/uploads\/2025\/03\/Vinternedlukning-1-768x512.jpg 768w, https:\/\/fyrly.dk\/wp-content\/uploads\/2025\/03\/Vinternedlukning-1.jpg 1200w\" sizes=\"auto, (max-width: 1024px) 100vw, 1024px\" \/><\/figure>\n\n\n\n<p>Tr\u00e6k de to r\u00f8de h\u00e5ndtag op i lodret stilling<br>(Lodret = lukket, Vandret = \u00e5ben)<\/p>\n\n\n\n<p><strong>Luk vand ud af r\u00f8rrerne<\/strong><\/p>\n\n\n\n<p>Luk op for alle haner,<br>skrue vandslangen af bruserapperaturet,<br>\u00e5ben vandhane i skuret,<br>luk vand ud af varmebeholderen i skuret.<\/p>\n\n\n\n<p>Find de 2 l\u00f8se br\u00e6dder p\u00e5 gangen<\/p>\n\n\n\n<figure class=\"wp-block-image size-large\"><img loading=\"lazy\" width=\"683\" height=\"1024\" src=\"https:\/\/fyrly.dk\/wp-content\/uploads\/2025\/03\/Vinternedlukning-2-683x1024.jpg\" alt=\"\" class=\"wp-image-635\" srcset=\"https:\/\/fyrly.dk\/wp-content\/uploads\/2025\/03\/Vinternedlukning-2-683x1024.jpg 683w, https:\/\/fyrly.dk\/wp-content\/uploads\/2025\/03\/Vinternedlukning-2-200x300.jpg 200w, https:\/\/fyrly.dk\/wp-content\/uploads\/2025\/03\/Vinternedlukning-2.jpg 768w\" sizes=\"auto, (max-width: 683px) 100vw, 683px\" \/><\/figure>\n\n\n\n<p>Luk hanen op og lad hanen v\u00e6re \u00e5ben<\/p>\n\n\n\n<figure class=\"wp-block-image size-full\"><img loading=\"lazy\" width=\"1024\" height=\"683\" src=\"https:\/\/fyrly.dk\/wp-content\/uploads\/2025\/03\/Vinternedlukning-5.jpg\" alt=\"\" class=\"wp-image-638\" srcset=\"https:\/\/fyrly.dk\/wp-content\/uploads\/2025\/03\/Vinternedlukning-5.jpg 1024w, https:\/\/fyrly.dk\/wp-content\/uploads\/2025\/03\/Vinternedlukning-5-300x200.jpg 300w, https:\/\/fyrly.dk\/wp-content\/uploads\/2025\/03\/Vinternedlukning-5-768x512.jpg 768w\" sizes=\"auto, (max-width: 1024px) 100vw, 1024px\" \/><\/figure>\n\n\n\n<p><strong>Sl\u00e5 HFI rel\u00e6et fra<\/strong><\/p>\n\n\n\n<figure class=\"wp-block-image size-large\"><img loading=\"lazy\" width=\"683\" height=\"1024\" src=\"https:\/\/fyrly.dk\/wp-content\/uploads\/2025\/03\/Vinternedlukning-3-683x1024.jpg\" alt=\"\" class=\"wp-image-636\" srcset=\"https:\/\/fyrly.dk\/wp-content\/uploads\/2025\/03\/Vinternedlukning-3-683x1024.jpg 683w, https:\/\/fyrly.dk\/wp-content\/uploads\/2025\/03\/Vinternedlukning-3-200x300.jpg 200w, https:\/\/fyrly.dk\/wp-content\/uploads\/2025\/03\/Vinternedlukning-3.jpg 768w\" sizes=\"auto, (max-width: 683px) 100vw, 683px\" \/><\/figure>\n\n\n\n<p>Tryk p\u00e5 lille sorte halv m\u00e5ne (1) <br>og den sorte knap (2) falder ned<\/p>\n","protected":false},"excerpt":{"rendered":"<p>Check liste for vinternedlukning Luk for vandet Find br\u00f8nden L\u00f8ft \/ vrid l\u00e5get [&hellip;]<\/p>\n","protected":false},"author":1,"featured_media":0,"parent":0,"menu_order":0,"comment_status":"closed","ping_status":"closed","template":"","meta":{"footnotes":""},"class_list":["post-120","page","type-page","status-publish","hentry"],"_links":{"self":[{"href":"https:\/\/fyrly.dk\/index.php?rest_route=\/wp\/v2\/pages\/120","targetHints":{"allow":["GET"]}}],"collection":[{"href":"https:\/\/fyrly.dk\/index.php?rest_route=\/wp\/v2\/pages"}],"about":[{"href":"https:\/\/fyrly.dk\/index.php?rest_route=\/wp\/v2\/types\/page"}],"author":[{"embeddable":true,"href":"https:\/\/fyrly.dk\/index.php?rest_route=\/wp\/v2\/users\/1"}],"replies":[{"embeddable":true,"href":"https:\/\/fyrly.dk\/index.php?rest_route=%2Fwp%2Fv2%2Fcomments&post=120"}],"version-history":[{"count":7,"href":"https:\/\/fyrly.dk\/index.php?rest_route=\/wp\/v2\/pages\/120\/revisions"}],"predecessor-version":[{"id":649,"href":"https:\/\/fyrly.dk\/index.php?rest_route=\/wp\/v2\/pages\/120\/revisions\/649"}],"wp:attachment":[{"href":"https:\/\/fyrly.dk\/index.php?rest_route=%2Fwp%2Fv2%2Fmedia&parent=120"}],"curies":[{"name":"wp","href":"https:\/\/api.w.org\/{rel}","templated":true}]}}